{"id":490,"date":"2019-10-30T14:08:01","date_gmt":"2019-10-30T14:08:01","guid":{"rendered":"https:\/\/www.collabdays.org\/2021-belgium\/?page_id=490"},"modified":"2023-02-13T18:12:00","modified_gmt":"2023-02-13T23:12:00","slug":"about","status":"publish","type":"page","link":"https:\/\/www.collabdays.org\/2023-montreal\/about\/","title":{"rendered":"\u00c0 propos"},"content":{"rendered":"<p>[et_pb_section fb_built=&#8221;1&#8243; admin_label=&#8221;Section&#8221; module_id=&#8221;barbers&#8221; _builder_version=&#8221;4.9.1&#8243; background_color=&#8221;#231f20&#8243; background_image=&#8221;https:\/\/www.collabdays.org\/2021-belgium\/wp-content\/uploads\/sites\/41\/2021\/03\/belgium.jpg&#8221; transparent_background=&#8221;off&#8221; make_fullwidth=&#8221;off&#8221; use_custom_width=&#8221;off&#8221; width_unit=&#8221;on&#8221; global_colors_info=&#8221;{}&#8221;][et_pb_row admin_label=&#8221;Row&#8221; _builder_version=&#8221;4.2.2&#8243; background_color=&#8221;rgba(0,0,0,0.7)&#8221; background_size=&#8221;initial&#8221; background_position=&#8221;top_left&#8221; background_repeat=&#8221;repeat&#8221; custom_margin=&#8221;50px||||false|false&#8221; custom_padding=&#8221;30px|0px|30px|0px|false|false&#8221; make_fullwidth=&#8221;off&#8221; use_custom_width=&#8221;off&#8221; width_unit=&#8221;on&#8221; global_colors_info=&#8221;{}&#8221;][et_pb_column type=&#8221;4_4&#8243; _builder_version=&#8221;4.2.2&#8243; custom_padding=&#8221;|||&#8221; global_colors_info=&#8221;{}&#8221; custom_padding__hover=&#8221;|||&#8221;][et_pb_text admin_label=&#8221;Title&#8221; _builder_version=&#8221;4.10.7&#8243; header_text_color=&#8221;#ffffff&#8221; background_size=&#8221;initial&#8221; background_position=&#8221;top_left&#8221; background_repeat=&#8221;repeat&#8221; text_orientation=&#8221;center&#8221; module_alignment=&#8221;center&#8221; use_border_color=&#8221;off&#8221; border_color=&#8221;#ffffff&#8221; border_style=&#8221;solid&#8221; saved_tabs=&#8221;advanced,css&#8221; global_colors_info=&#8221;{}&#8221;]<\/p>\n<h1 style=\"text-align: center\">ABOUT COLLABDAYS MONTREAL<\/h1>\n<p>[\/et_pb_text][\/et_pb_column][\/et_pb_row][\/et_pb_section][et_pb_section fb_built=&#8221;1&#8243; admin_label=&#8221;Section&#8221; _builder_version=&#8221;4.2.2&#8243; background_enable_image=&#8221;off&#8221; parallax=&#8221;on&#8221; parallax_method=&#8221;off&#8221; min_height=&#8221;650px&#8221; transparent_background=&#8221;off&#8221; make_fullwidth=&#8221;off&#8221; use_custom_width=&#8221;off&#8221; width_unit=&#8221;on&#8221; global_colors_info=&#8221;{}&#8221;][et_pb_row _builder_version=&#8221;4.0.2&#8243; global_colors_info=&#8221;{}&#8221;][et_pb_column type=&#8221;4_4&#8243; _builder_version=&#8221;4.0.2&#8243; global_colors_info=&#8221;{}&#8221;][et_pb_text _builder_version=&#8221;4.10.7&#8243; global_colors_info=&#8221;{}&#8221;]<\/p>\n<table width=\"100%\">\n<tbody>\n<tr>\n<td style=\"width: 1642px\">Conf\u00e9rence d&#8217;une journ\u00e9e, gratuite sur les produits Microsoft 365 et Power Plateform. Pour et par la communaut\u00e9 des groupes d&#8217;usagers de Montr\u00e9al.<\/td>\n<\/tr>\n<\/tbody>\n<\/table>\n<h2><strong>\u00c0 propos<\/strong><\/h2>\n<p>En tant qu&#8217;organisateurs d&#8217;\u00e9v\u00e9nements et d&#8217;exp\u00e9riences, nous cherchons \u00e0 offrir une exp\u00e9rience respectueuse, amicale et professionnelle pour tout le monde, quelle que soit leur genre, leur orientation sexuelle, leur apparence physique, leur handicap, leur \u00e2ge, leur race ou leur religion. Nous ne tol\u00e9rons aucun comportement d\u00e9gradant pour un genre, une race, une orientation sexuelle ou un handicap, ou tout comportement qui pourrait \u00eatre consid\u00e9r\u00e9 comme du harc\u00e8lement ou de la discrimination. Les individus sont responsables de conna\u00eetre et de respecter nos normes et nous encourageons tout le monde \u00e0 contribuer \u00e0 cr\u00e9er un environnement accueillant et s\u00fbr. Veuillez signaler tout souci, activit\u00e9 suspecte ou comportement perturbateur \u00e0 l&#8217;\u00e9quipe d&#8217;organisation, afin que nous puissions aborder imm\u00e9diatement le probl\u00e8me.<\/p>\n<p><strong>Nos Valeurs<\/strong><\/p>\n<p>Tout au long de chaque interaction, nous aspirons \u00e0 incarner et \u00e0 d\u00e9fendre les valeurs suivantes :<\/p>\n<ul>\n<li>Soyez amical et accueillant\n<ul>\n<li>\u00c9coutez avec attention, cr\u00e9ez de l&#8217;espace pour les pr\u00e9f\u00e9rences de communication des autres<\/li>\n<li>Demandez-vous comment vous pouvez faciliter la vie de quelqu&#8217;un d&#8217;autre<\/li>\n<\/ul>\n<\/li>\n<li>Soyez patient\n<ul>\n<li>Gardez \u00e0 l&#8217;esprit que les gens ont des styles de communication et des pr\u00e9f\u00e9rences vari\u00e9s<\/li>\n<li>Reconnaissez que tout le monde n&#8217;utilise pas sa langue maternelle (le sens et le ton peuvent \u00eatre perdus dans la traduction)<\/li>\n<\/ul>\n<\/li>\n<li>Soyez r\u00e9fl\u00e9chi\n<ul>\n<li>Pensez \u00e0 la fa\u00e7on dont les autres interpr\u00e9teront vos mots &#8211; une communication productive et claire n\u00e9cessite un effort!<\/li>\n<li>N&#8217;oubliez pas qu&#8217;il est parfois pr\u00e9f\u00e9rable de s&#8217;abstenir compl\u00e8tement de commenter<\/li>\n<\/ul>\n<\/li>\n<li>Soyez respectueux et inclusif\n<ul>\n<li>Respectez les diff\u00e9rences d&#8217;opinion<\/li>\n<li>Cherchez \u00e0 construire des ponts et \u00e0 comprendre, pas \u00e0 condamner ou \u00e0 critiquer<\/li>\n<li>Faites un effort conscient pour inclure les personnes qui diff\u00e8rent de vous<\/li>\n<\/ul>\n<\/li>\n<li>Soyez ouvert et curieux\n<ul>\n<li>Supposez une bonne intention et interpr\u00e9tez les d\u00e9clarations ou les questions des autres de bonne foi<\/li>\n<li>Posez des questions pour comprendre, pas pour d\u00e9noncer<\/li>\n<li>Mettez l&#8217;accent sur l&#8217;apprentissage continu &#8211; devenez meilleur dans les choses que vous connaissez d\u00e9j\u00e0, abordez des choses totalement nouvelles et demandez aux autres \u00e0 propos de leur expertise pour approfondir la v\u00f4tre.<\/li>\n<\/ul>\n<\/li>\n<\/ul>\n<p>En r\u00e9sum\u00e9 :<\/p>\n<ul>\n<li>Traitez tout le monde avec respect, gentillesse et empathie.<\/li>\n<li>Utilisez un langage accueillant et inclusif.<\/li>\n<li>Soyez attentif \u00e0 votre communication en personne et en ligne.<\/li>\n<li>Ne soyez pas destructeur ou inflammatoire.<\/li>\n<li>Acceptez avec gr\u00e2ce les critiques constructives.<\/li>\n<li>\u00c9coutez avec attention, cr\u00e9ez de l&#8217;espace pour les pr\u00e9f\u00e9rences de communication des autres ; honorez-les en adaptant les v\u00f4tres.<\/li>\n<li>N&#8217;h\u00e9sitez pas \u00e0 vous rapprocher des organisateurs si vous avez besoin de quoi que ce soit.<\/li>\n<\/ul>\n<p>[\/et_pb_text][\/et_pb_column][\/et_pb_row][\/et_pb_section]<\/p>\n","protected":false},"excerpt":{"rendered":"<p>ABOUT COLLABDAYS MONTREAL Conf\u00e9rence d&#8217;une journ\u00e9e, gratuite sur les produits Microsoft 365 et Power Plateform. Pour et par la communaut\u00e9 des groupes d&#8217;usagers de Montr\u00e9al. \u00c0 propos En tant qu&#8217;organisateurs d&#8217;\u00e9v\u00e9nements et d&#8217;exp\u00e9riences, nous cherchons \u00e0 offrir une exp\u00e9rience respectueuse, amicale et professionnelle pour tout le monde, quelle que soit leur genre, leur orientation sexuelle, [&hellip;]<\/p>\n","protected":false},"author":1,"featured_media":0,"parent":0,"menu_order":0,"comment_status":"closed","ping_status":"closed","template":"","meta":{"_et_pb_use_builder":"on","_et_pb_old_content":"","_et_gb_content_width":"","footnotes":""},"class_list":["post-490","page","type-page","status-publish","hentry"],"_links":{"self":[{"href":"https:\/\/www.collabdays.org\/2023-montreal\/wp-json\/wp\/v2\/pages\/490"}],"collection":[{"href":"https:\/\/www.collabdays.org\/2023-montreal\/wp-json\/wp\/v2\/pages"}],"about":[{"href":"https:\/\/www.collabdays.org\/2023-montreal\/wp-json\/wp\/v2\/types\/page"}],"author":[{"embeddable":true,"href":"https:\/\/www.collabdays.org\/2023-montreal\/wp-json\/wp\/v2\/users\/1"}],"replies":[{"embeddable":true,"href":"https:\/\/www.collabdays.org\/2023-montreal\/wp-json\/wp\/v2\/comments?post=490"}],"version-history":[{"count":25,"href":"https:\/\/www.collabdays.org\/2023-montreal\/wp-json\/wp\/v2\/pages\/490\/revisions"}],"predecessor-version":[{"id":278242,"href":"https:\/\/www.collabdays.org\/2023-montreal\/wp-json\/wp\/v2\/pages\/490\/revisions\/278242"}],"wp:attachment":[{"href":"https:\/\/www.collabdays.org\/2023-montreal\/wp-json\/wp\/v2\/media?parent=490"}],"curies":[{"name":"wp","href":"https:\/\/api.w.org\/{rel}","templated":true}]}}

À propos

<p>[et_pb_section fb_built=&#8221;1&#8243; admin_label=&#8221;Section&#8221; module_id=&#8221;barbers&#8221; _builder_version=&#8221;4.9.1&#8243; background_color=&#8221;#231f20&#8243; background_image=&#8221;https://www.collabdays.org/2021-belgium/wp-content/uploads/sites/41/2021/03/belgium.jpg&#8221; transparent_background=&#8221;off&#8221; make_fullwidth=&#8221;off&#8221; use_custom_width=&#8221;off&#8221; width_unit=&#8221;on&#8221; global_colors_info=&#8221;{}&#8221;][et_pb_row admin_label=&#8221;Row&#8221; _builder_version=&#8221;4.2.2&#8243; background_color=&#8221;rgba(0,0,0,0.7)&#8221; background_size=&#8221;initial&#8221; background_position=&#8221;top_left&#8221; background_repeat=&#8221;repeat&#8221; custom_margin=&#8221;50px||||false|false&#8221; custom_padding=&#8221;30px|0px|30px|0px|false|false&#8221; make_fullwidth=&#8221;off&#8221; use_custom_width=&#8221;off&#8221; width_unit=&#8221;on&#8221; global_colors_info=&#8221;{}&#8221;][et_pb_column type=&#8221;4_4&#8243; _builder_version=&#8221;4.2.2&#8243; custom_padding=&#8221;|||&#8221; global_colors_info=&#8221;{}&#8221; custom_padding__hover=&#8221;|||&#8221;][et_pb_text admin_label=&#8221;Title&#8221; _builder_version=&#8221;4.10.7&#8243; header_text_color=&#8221;#ffffff&#8221; background_size=&#8221;initial&#8221; background_position=&#8221;top_left&#8221; background_repeat=&#8221;repeat&#8221; text_orientation=&#8221;center&#8221; module_alignment=&#8221;center&#8221; use_border_color=&#8221;off&#8221; border_color=&#8221;#ffffff&#8221; border_style=&#8221;solid&#8221; saved_tabs=&#8221;advanced,css&#8221; global_colors_info=&#8221;{}&#8221;]</p>
<h1 style="text-align: center">ABOUT COLLABDAYS MONTREAL</h1>
<p>[/et_pb_text][/et_pb_column][/et_pb_row][/et_pb_section][et_pb_section fb_built=&#8221;1&#8243; admin_label=&#8221;Section&#8221; _builder_version=&#8221;4.2.2&#8243; background_enable_image=&#8221;off&#8221; parallax=&#8221;on&#8221; parallax_method=&#8221;off&#8221; min_height=&#8221;650px&#8221; transparent_background=&#8221;off&#8221; make_fullwidth=&#8221;off&#8221; use_custom_width=&#8221;off&#8221; width_unit=&#8221;on&#8221; global_colors_info=&#8221;{}&#8221;][et_pb_row _builder_version=&#8221;4.0.2&#8243; global_colors_info=&#8221;{}&#8221;][et_pb_column type=&#8221;4_4&#8243; _builder_version=&#8221;4.0.2&#8243; global_colors_info=&#8221;{}&#8221;][et_pb_text _builder_version=&#8221;4.10.7&#8243; global_colors_info=&#8221;{}&#8221;]</p>
<table width="100%">
<tbody>
<tr>
<td style="width: 1642px">Conférence d&#8217;une journée, gratuite sur les produits Microsoft 365 et Power Plateform. Pour et par la communauté des groupes d&#8217;usagers de Montréal.</td>
</tr>
</tbody>
</table>
<h2><strong>À propos</strong></h2>
<p>En tant qu&#8217;organisateurs d&#8217;événements et d&#8217;expériences, nous cherchons à offrir une expérience respectueuse, amicale et professionnelle pour tout le monde, quelle que soit leur genre, leur orientation sexuelle, leur apparence physique, leur handicap, leur âge, leur race ou leur religion. Nous ne tolérons aucun comportement dégradant pour un genre, une race, une orientation sexuelle ou un handicap, ou tout comportement qui pourrait être considéré comme du harcèlement ou de la discrimination. Les individus sont responsables de connaître et de respecter nos normes et nous encourageons tout le monde à contribuer à créer un environnement accueillant et sûr. Veuillez signaler tout souci, activité suspecte ou comportement perturbateur à l&#8217;équipe d&#8217;organisation, afin que nous puissions aborder immédiatement le problème.</p>
<p><strong>Nos Valeurs</strong></p>
<p>Tout au long de chaque interaction, nous aspirons à incarner et à défendre les valeurs suivantes :</p>
<ul>
<li>Soyez amical et accueillant
<ul>
<li>Écoutez avec attention, créez de l&#8217;espace pour les préférences de communication des autres</li>
<li>Demandez-vous comment vous pouvez faciliter la vie de quelqu&#8217;un d&#8217;autre</li>
</ul>
</li>
<li>Soyez patient
<ul>
<li>Gardez à l&#8217;esprit que les gens ont des styles de communication et des préférences variés</li>
<li>Reconnaissez que tout le monde n&#8217;utilise pas sa langue maternelle (le sens et le ton peuvent être perdus dans la traduction)</li>
</ul>
</li>
<li>Soyez réfléchi
<ul>
<li>Pensez à la façon dont les autres interpréteront vos mots &#8211; une communication productive et claire nécessite un effort!</li>
<li>N&#8217;oubliez pas qu&#8217;il est parfois préférable de s&#8217;abstenir complètement de commenter</li>
</ul>
</li>
<li>Soyez respectueux et inclusif
<ul>
<li>Respectez les différences d&#8217;opinion</li>
<li>Cherchez à construire des ponts et à comprendre, pas à condamner ou à critiquer</li>
<li>Faites un effort conscient pour inclure les personnes qui diffèrent de vous</li>
</ul>
</li>
<li>Soyez ouvert et curieux
<ul>
<li>Supposez une bonne intention et interprétez les déclarations ou les questions des autres de bonne foi</li>
<li>Posez des questions pour comprendre, pas pour dénoncer</li>
<li>Mettez l&#8217;accent sur l&#8217;apprentissage continu &#8211; devenez meilleur dans les choses que vous connaissez déjà, abordez des choses totalement nouvelles et demandez aux autres à propos de leur expertise pour approfondir la vôtre.</li>
</ul>
</li>
</ul>
<p>En résumé :</p>
<ul>
<li>Traitez tout le monde avec respect, gentillesse et empathie.</li>
<li>Utilisez un langage accueillant et inclusif.</li>
<li>Soyez attentif à votre communication en personne et en ligne.</li>
<li>Ne soyez pas destructeur ou inflammatoire.</li>
<li>Acceptez avec grâce les critiques constructives.</li>
<li>Écoutez avec attention, créez de l&#8217;espace pour les préférences de communication des autres ; honorez-les en adaptant les vôtres.</li>
<li>N&#8217;hésitez pas à vous rapprocher des organisateurs si vous avez besoin de quoi que ce soit.</li>
</ul>
<p>[/et_pb_text][/et_pb_column][/et_pb_row][/et_pb_section]</p>

<p>ABOUT COLLABDAYS MONTREAL Conférence d&#8217;une journée, gratuite sur les produits Microsoft 365 et Power Plateform. Pour et par la communauté des groupes d&#8217;usagers de Montréal. À propos En tant qu&#8217;organisateurs d&#8217;événements et d&#8217;expériences, nous cherchons à offrir une expérience respectueuse, amicale et professionnelle pour tout le monde, quelle que soit leur genre, leur orientation sexuelle, [&hellip;]</p>
