{"id":440,"date":"2019-10-30T11:32:25","date_gmt":"2019-10-30T11:32:25","guid":{"rendered":"https:\/\/www.collabdays.org\/2021-belgium\/?page_id=440"},"modified":"2023-02-13T18:24:57","modified_gmt":"2023-02-13T23:24:57","slug":"sponsors","status":"publish","type":"page","link":"https:\/\/www.collabdays.org\/2023-montreal\/sponsors\/","title":{"rendered":"Sponsors"},"content":{"rendered":"<p>[et_pb_section fb_built=&#8221;1&#8243; admin_label=&#8221;Section&#8221; module_id=&#8221;barbers&#8221; _builder_version=&#8221;4.9.1&#8243; background_enable_color=&#8221;off&#8221; background_image=&#8221;https:\/\/www.collabdays.org\/2021-belgium\/wp-content\/uploads\/sites\/41\/2021\/03\/belgium.jpg&#8221; transparent_background=&#8221;off&#8221; make_fullwidth=&#8221;off&#8221; use_custom_width=&#8221;off&#8221; width_unit=&#8221;on&#8221; global_colors_info=&#8221;{}&#8221;][et_pb_row admin_label=&#8221;Row&#8221; _builder_version=&#8221;4.2.2&#8243; background_color=&#8221;rgba(0,0,0,0.65)&#8221; background_size=&#8221;initial&#8221; background_position=&#8221;top_left&#8221; background_repeat=&#8221;repeat&#8221; custom_margin=&#8221;50px||||false|false&#8221; custom_padding=&#8221;30px||30px||false|false&#8221; make_fullwidth=&#8221;off&#8221; use_custom_width=&#8221;off&#8221; width_unit=&#8221;on&#8221; global_colors_info=&#8221;{}&#8221;][et_pb_column type=&#8221;4_4&#8243; _builder_version=&#8221;3.25&#8243; custom_padding=&#8221;|||&#8221; global_colors_info=&#8221;{}&#8221; custom_padding__hover=&#8221;|||&#8221;][et_pb_text admin_label=&#8221;Meet your Barbers&#8221; _builder_version=&#8221;4.10.7&#8243; header_text_color=&#8221;#ffffff&#8221; background_size=&#8221;initial&#8221; background_position=&#8221;top_left&#8221; background_repeat=&#8221;repeat&#8221; text_orientation=&#8221;center&#8221; module_alignment=&#8221;center&#8221; use_border_color=&#8221;off&#8221; border_color=&#8221;#ffffff&#8221; border_style=&#8221;solid&#8221; saved_tabs=&#8221;advanced,css&#8221; global_colors_info=&#8221;{}&#8221;]<\/p>\n<h1 style=\"text-align: center\">COMMANDITAIRES\/SPONSORS<\/h1>\n<p>[\/et_pb_text][\/et_pb_column][\/et_pb_row][\/et_pb_section][et_pb_section fb_built=&#8221;1&#8243; admin_label=&#8221;Section&#8221; _builder_version=&#8221;4.0.2&#8243; background_enable_image=&#8221;off&#8221; parallax=&#8221;on&#8221; parallax_method=&#8221;off&#8221; hover_enabled=&#8221;0&#8243; transparent_background=&#8221;off&#8221; make_fullwidth=&#8221;off&#8221; use_custom_width=&#8221;off&#8221; width_unit=&#8221;on&#8221; global_colors_info=&#8221;{}&#8221; sticky_enabled=&#8221;0&#8243;][et_pb_row _builder_version=&#8221;4.2.2&#8243; global_colors_info=&#8221;{}&#8221;][et_pb_column type=&#8221;4_4&#8243; _builder_version=&#8221;4.2.2&#8243; global_colors_info=&#8221;{}&#8221;][et_pb_text _builder_version=&#8221;4.10.7&#8243; global_colors_info=&#8221;{}&#8221;]<\/p>\n<p>Parrainer un \u00e9v\u00e9nement CollabDays vous aide \u00e0 g\u00e9n\u00e9rer de la sensibilisation autour de votre marque et \u00e0 obtenir une exposition suppl\u00e9mentaire via divers canaux m\u00e9diatiques. \u00c9tant une forme de marketing moins intrusive, le parrainage d&#8217;\u00e9v\u00e9nements permet \u00e9galement de cr\u00e9er plus facilement de la confiance entre la marque et les clients.<\/p>\n<p>&nbsp;<\/p>\n<p>Le parrainage d&#8217;un \u00e9v\u00e9nement CollabDays peut vous apporter de nouveaux clients et partenaires, renforcer les relations avec les clients et les partenaires actuels, augmenter votre visibilit\u00e9, am\u00e9liorer votre perception par le public cible et, enfin, soutenir l&#8217;une des communaut\u00e9s les plus dynamiques du march\u00e9 de l&#8217;informatique d&#8217;aujourd&#8217;hui &#8211; une communaut\u00e9 qui sait traditionnellement reconna\u00eetre et r\u00e9compenser ceux qui la soutiennent.<\/p>\n<p>&nbsp;<\/p>\n<p>Int\u00e9ress\u00e9 par le parrainage ?\u00a0 <a href=\"https:\/\/www.collabdays.org\/2023-montreal\/contact\/\">Utilisez la page de contacts<\/a><\/p>\n<p>[\/et_pb_text][\/et_pb_column][\/et_pb_row][et_pb_row _builder_version=&#8221;4.0.2&#8243; global_colors_info=&#8221;{}&#8221;][et_pb_column type=&#8221;4_4&#8243; _builder_version=&#8221;4.0.2&#8243; global_colors_info=&#8221;{}&#8221;][et_pb_code _builder_version=&#8221;4.10.7&#8243; global_colors_info=&#8221;{}&#8221;][\/et_pb_code][\/et_pb_column][\/et_pb_row][\/et_pb_section]<\/p>\n","protected":false},"excerpt":{"rendered":"<p>COMMANDITAIRES\/SPONSORSParrainer un \u00e9v\u00e9nement CollabDays vous aide \u00e0 g\u00e9n\u00e9rer de la sensibilisation autour de votre marque et \u00e0 obtenir une exposition suppl\u00e9mentaire via divers canaux m\u00e9diatiques. \u00c9tant une forme de marketing moins intrusive, le parrainage d&#8217;\u00e9v\u00e9nements permet \u00e9galement de cr\u00e9er plus facilement de la confiance entre la marque et les clients. &nbsp; Le parrainage d&#8217;un \u00e9v\u00e9nement [&hellip;]<\/p>\n","protected":false},"author":1,"featured_media":0,"parent":0,"menu_order":0,"comment_status":"closed","ping_status":"closed","template":"","meta":{"_et_pb_use_builder":"on","_et_pb_old_content":"","_et_gb_content_width":"","footnotes":""},"class_list":["post-440","page","type-page","status-publish","hentry"],"_links":{"self":[{"href":"https:\/\/www.collabdays.org\/2023-montreal\/wp-json\/wp\/v2\/pages\/440"}],"collection":[{"href":"https:\/\/www.collabdays.org\/2023-montreal\/wp-json\/wp\/v2\/pages"}],"about":[{"href":"https:\/\/www.collabdays.org\/2023-montreal\/wp-json\/wp\/v2\/types\/page"}],"author":[{"embeddable":true,"href":"https:\/\/www.collabdays.org\/2023-montreal\/wp-json\/wp\/v2\/users\/1"}],"replies":[{"embeddable":true,"href":"https:\/\/www.collabdays.org\/2023-montreal\/wp-json\/wp\/v2\/comments?post=440"}],"version-history":[{"count":23,"href":"https:\/\/www.collabdays.org\/2023-montreal\/wp-json\/wp\/v2\/pages\/440\/revisions"}],"predecessor-version":[{"id":278253,"href":"https:\/\/www.collabdays.org\/2023-montreal\/wp-json\/wp\/v2\/pages\/440\/revisions\/278253"}],"wp:attachment":[{"href":"https:\/\/www.collabdays.org\/2023-montreal\/wp-json\/wp\/v2\/media?parent=440"}],"curies":[{"name":"wp","href":"https:\/\/api.w.org\/{rel}","templated":true}]}}